[INFO] cloning repository https://github.com/syntacticsugarglider/vessels-chat-demo
[INFO] running `Command { std: "git" "-c" "credential.helper=" "-c" "credential.helper=/workspace/cargo-home/bin/git-credential-null" "clone" "--bare" "https://github.com/syntacticsugarglider/vessels-chat-demo" "/workspace/cache/git-repos/https%3A%2F%2Fgithub.com%2Fsyntacticsugarglider%2Fvessels-chat-demo", kill_on_drop: false }`
[INFO] [stderr] Cloning into bare repository '/workspace/cache/git-repos/https%3A%2F%2Fgithub.com%2Fsyntacticsugarglider%2Fvessels-chat-demo'...
[INFO] running `Command { std: "git" "rev-parse" "HEAD", kill_on_drop: false }`
[INFO] [stdout] 72098cc6a628e43b45072cf57c273b1f31997b0a
[INFO] building syntacticsugarglider/vessels-chat-demo against master#881c1ac408d93bb7adaa3a51dabab9266e82eee8 for issue-85264
[INFO] running `Command { std: "git" "clone" "/workspace/cache/git-repos/https%3A%2F%2Fgithub.com%2Fsyntacticsugarglider%2Fvessels-chat-demo" "/workspace/builds/worker-1/source", kill_on_drop: false }`
[INFO] [stderr] Cloning into '/workspace/builds/worker-1/source'...
[INFO] [stderr] done.
[INFO] validating manifest of git repo https://github.com/syntacticsugarglider/vessels-chat-demo on toolchain 881c1ac408d93bb7adaa3a51dabab9266e82eee8
[INFO] running `Command { std: "/workspace/cargo-home/bin/cargo" "+881c1ac408d93bb7adaa3a51dabab9266e82eee8" "metadata" "--manifest-path" "Cargo.toml" "--no-deps", kill_on_drop: false }`
[INFO] started tweaking git repo https://github.com/syntacticsugarglider/vessels-chat-demo
[INFO] finished tweaking git repo https://github.com/syntacticsugarglider/vessels-chat-demo
[INFO] tweaked toml for git repo https://github.com/syntacticsugarglider/vessels-chat-demo written to /workspace/builds/worker-1/source/Cargo.toml
[INFO] running `Command { std: "/workspace/cargo-home/bin/cargo" "+881c1ac408d93bb7adaa3a51dabab9266e82eee8" "generate-lockfile" "--manifest-path" "Cargo.toml" "-Zno-index-update", kill_on_drop: false }`
[INFO] [stderr]     Updating git repository `https://github.com/noocene/abstract-ws`
[INFO] [stderr]     Updating git repository `https://github.com/noocene/abstract-ws-tungstenite`
[INFO] [stderr]     Updating git repository `https://github.com/core-error/core-error`
[INFO] [stderr]     Updating git repository `https://github.com/noocene/protocol`
[INFO] [stderr]     Updating git repository `https://github.com/noocene/protocol-mve-transport`
[INFO] [stderr]     Updating git repository `https://github.com/noocene/thiserror`
[INFO] running `Command { std: "/workspace/cargo-home/bin/cargo" "+881c1ac408d93bb7adaa3a51dabab9266e82eee8" "fetch" "--manifest-path" "Cargo.toml", kill_on_drop: false }`
[INFO] [stderr]     Blocking waiting for file lock on package cache
[INFO] [stderr]  Downloading crates ...
[INFO] [stderr]   Downloaded async-net v1.6.0
[INFO] [stderr]   Downloaded signal-hook v0.3.9
[INFO] [stderr]   Downloaded smol v1.2.5
[INFO] [stderr]   Downloaded piper v0.1.3
[INFO] [stderr]   Downloaded async-io v1.1.6
[INFO] [stderr]   Downloaded polling v1.1.0
[INFO] [stderr]   Downloaded vec-arena v1.2.0
[INFO] [stderr]   Downloaded nb-connect v1.2.0
[INFO] running `Command { std: "docker" "create" "-v" "/var/lib/crater-agent-workspace/builds/worker-1/target:/opt/rustwide/target:rw,Z" "-v" "/var/lib/crater-agent-workspace/builds/worker-1/source:/opt/rustwide/workdir:ro,Z" "-v" "/var/lib/crater-agent-workspace/cargo-home:/opt/rustwide/cargo-home:ro,Z" "-v" "/var/lib/crater-agent-workspace/rustup-home:/opt/rustwide/rustup-home:ro,Z" "-e" "SOURCE_DIR=/opt/rustwide/workdir" "-e" "CARGO_TARGET_DIR=/opt/rustwide/target" "-e" "CARGO_HOME=/opt/rustwide/cargo-home" "-e" "RUSTUP_HOME=/opt/rustwide/rustup-home" "-w" "/opt/rustwide/workdir" "-m" "1610612736" "--user" "0:0" "--network" "none" "ghcr.io/rust-lang/crates-build-env/linux@sha256:20528e8c29e4536546f0102ce88568b16ea7538393a33fcca951030f7af10457" "/opt/rustwide/cargo-home/bin/cargo" "+881c1ac408d93bb7adaa3a51dabab9266e82eee8" "metadata" "--no-deps" "--format-version=1", kill_on_drop: false }`
[INFO] [stdout] 3a209b52160153e1118cf455fd44bee589fca50669dd63bb3f9054b1740a9772
[INFO] [stderr] WARNING: Your kernel does not support swap limit capabilities or the cgroup is not mounted. Memory limited without swap.
[INFO] running `Command { std: "docker" "start" "-a" "3a209b52160153e1118cf455fd44bee589fca50669dd63bb3f9054b1740a9772", kill_on_drop: false }`
[INFO] running `Command { std: "docker" "inspect" "3a209b52160153e1118cf455fd44bee589fca50669dd63bb3f9054b1740a9772", kill_on_drop: false }`
[INFO] running `Command { std: "docker" "rm" "-f" "3a209b52160153e1118cf455fd44bee589fca50669dd63bb3f9054b1740a9772", kill_on_drop: false }`
[INFO] [stdout] 3a209b52160153e1118cf455fd44bee589fca50669dd63bb3f9054b1740a9772
[INFO] running `Command { std: "docker" "create" "-v" "/var/lib/crater-agent-workspace/builds/worker-1/target:/opt/rustwide/target:rw,Z" "-v" "/var/lib/crater-agent-workspace/builds/worker-1/source:/opt/rustwide/workdir:ro,Z" "-v" "/var/lib/crater-agent-workspace/cargo-home:/opt/rustwide/cargo-home:ro,Z" "-v" "/var/lib/crater-agent-workspace/rustup-home:/opt/rustwide/rustup-home:ro,Z" "-e" "SOURCE_DIR=/opt/rustwide/workdir" "-e" "CARGO_TARGET_DIR=/opt/rustwide/target" "-e" "CARGO_INCREMENTAL=0" "-e" "RUST_BACKTRACE=full" "-e" "RUSTFLAGS=--cap-lints=forbid" "-e" "CARGO_HOME=/opt/rustwide/cargo-home" "-e" "RUSTUP_HOME=/opt/rustwide/rustup-home" "-w" "/opt/rustwide/workdir" "-m" "1610612736" "--user" "0:0" "--network" "none" "ghcr.io/rust-lang/crates-build-env/linux@sha256:20528e8c29e4536546f0102ce88568b16ea7538393a33fcca951030f7af10457" "/opt/rustwide/cargo-home/bin/cargo" "+881c1ac408d93bb7adaa3a51dabab9266e82eee8" "build" "--frozen" "--message-format=json", kill_on_drop: false }`
[INFO] [stdout] effce3c2cfddc41936df7e4efdbe62d621d4fc4c00f9eb8ad5e260a6030b63b3
[INFO] [stderr] WARNING: Your kernel does not support swap limit capabilities or the cgroup is not mounted. Memory limited without swap.
[INFO] running `Command { std: "docker" "start" "-a" "effce3c2cfddc41936df7e4efdbe62d621d4fc4c00f9eb8ad5e260a6030b63b3", kill_on_drop: false }`
[INFO] [stderr]    Compiling libc v0.2.95
[INFO] [stderr]    Compiling syn v1.0.72
[INFO] [stderr]    Compiling futures-core v0.3.15
[INFO] [stderr]    Compiling autocfg v1.0.1
[INFO] [stderr]    Compiling cfg-if v1.0.0
[INFO] [stderr]    Compiling memchr v2.4.0
[INFO] [stderr]    Compiling futures-io v0.3.15
[INFO] [stderr]    Compiling cc v1.0.68
[INFO] [stderr]    Compiling proc-macro-hack v0.5.19
[INFO] [stderr]    Compiling futures-channel v0.3.15
[INFO] [stderr]    Compiling futures-task v0.3.15
[INFO] [stderr]    Compiling cache-padded v1.1.1
[INFO] [stderr]    Compiling parking v2.0.0
[INFO] [stderr]    Compiling fastrand v1.4.1
[INFO] [stderr]    Compiling futures-sink v0.3.15
[INFO] [stderr]    Compiling waker-fn v1.1.0
[INFO] [stderr]    Compiling pin-utils v0.1.0
[INFO] [stderr]    Compiling event-listener v2.5.1
[INFO] [stderr]    Compiling typenum v1.13.0
[INFO] [stderr]    Compiling tinyvec_macros v0.1.0
[INFO] [stderr]    Compiling atomic-waker v1.0.0
[INFO] [stderr]    Compiling ppv-lite86 v0.2.10
[INFO] [stderr]    Compiling async-task v4.0.3
[INFO] [stderr]    Compiling httparse v1.4.1
[INFO] [stderr]    Compiling signal-hook v0.3.9
[INFO] [stderr]    Compiling vec-arena v1.2.0
[INFO] [stderr]    Compiling bytes v0.5.6
[INFO] [stderr]    Compiling gimli v0.24.0
[INFO] [stderr]    Compiling serde v1.0.126
[INFO] [stderr]    Compiling fnv v1.0.7
[INFO] [stderr]    Compiling object v0.24.0
[INFO] [stderr]    Compiling lazycell v1.3.0
[INFO] [stderr]    Compiling rustc-demangle v0.1.19
[INFO] [stderr]    Compiling parking v1.0.6
[INFO] [stderr]    Compiling arrayvec v0.5.2
[INFO] [stderr]    Compiling async-task v3.0.0
[INFO] [stderr]    Compiling void v1.0.2
[INFO] [stderr]    Compiling unicode-bidi v0.3.5
[INFO] [stderr]    Compiling core-error v0.0.1-rc4 (https://github.com/core-error/core-error#06356979)
[INFO] [stderr]    Compiling form_urlencoded v1.0.1
[INFO] [stderr]    Compiling tinyvec v1.2.0
[INFO] [stderr]    Compiling log v0.4.14
[INFO] [stderr]    Compiling http v0.2.4
[INFO] [stderr]    Compiling concurrent-queue v1.2.2
[INFO] [stderr]    Compiling async-lock v2.4.0
[INFO] [stderr]    Compiling futures-macro v0.3.15
[INFO] [stderr]    Compiling futures-util v0.3.15
[INFO] [stderr]    Compiling miniz_oxide v0.4.4
[INFO] [stderr]    Compiling crossbeam-utils v0.7.2
[INFO] [stderr]    Compiling async-channel v1.6.1
[INFO] [stderr]    Compiling input_buffer v0.3.1
[INFO] [stderr]    Compiling cmake v0.1.45
[INFO] [stderr]    Compiling unicode-normalization v0.1.18
[INFO] [stderr]    Compiling futures-lite v1.11.3
[INFO] [stderr]    Compiling futures-lite v0.1.11
[INFO] [stderr]    Compiling iovec v0.1.4
[INFO] [stderr]    Compiling net2 v0.2.37
[INFO] [stderr]    Compiling getrandom v0.1.16
[INFO] [stderr]    Compiling socket2 v0.4.0
[INFO] [stderr]    Compiling polling v1.1.0
[INFO] [stderr]    Compiling signal-hook-registry v1.4.0
[INFO] [stderr]    Compiling socket2 v0.3.19
[INFO] [stderr]    Compiling num_cpus v1.13.0
[INFO] [stderr]    Compiling bytes v0.4.12
[INFO] [stderr]    Compiling rand_core v0.5.1
[INFO] [stderr]    Compiling mio v0.6.23
[INFO] [stderr]    Compiling generic-array v0.12.4
[INFO] [stderr]    Compiling ring v0.16.20
[INFO] [stderr]    Compiling backtrace v0.3.59
[INFO] [stderr]    Compiling ui-sys v0.1.3
[INFO] [stderr]    Compiling nb-connect v1.2.0
[INFO] [stderr]    Compiling rand_chacha v0.2.2
[INFO] [stderr]    Compiling blocking v0.4.7
[INFO] [stderr]    Compiling rand v0.7.3
[INFO] [stderr]    Compiling block-buffer v0.7.3
[INFO] [stderr]    Compiling digest v0.8.1
[INFO] [stderr]    Compiling sha-1 v0.8.2
[INFO] [stderr]    Compiling idna v0.2.3
[INFO] [stderr]    Compiling blocking v1.0.2
[INFO] [stderr]    Compiling async-io v1.1.6
[INFO] [stderr]    Compiling async-executor v1.4.1
[INFO] [stderr]    Compiling mio-uds v0.6.8
[INFO] [stderr]    Compiling mio-extras v2.0.6
[INFO] [stderr]    Compiling addr2line v0.15.1
[INFO] [stderr]    Compiling tokio v0.2.25
[INFO] [stderr]    Compiling async-fs v1.5.0
[INFO] [stderr]    Compiling async-process v1.1.0
[INFO] [stderr]    Compiling async-net v1.6.0
[INFO] [stderr]    Compiling url v2.2.2
[INFO] [stderr]    Compiling smol v1.2.5
[INFO] [stderr]    Compiling ws v0.9.1
[INFO] [stderr]    Compiling tungstenite v0.10.1
[INFO] [stderr]    Compiling webpki v0.21.4
[INFO] [stderr]    Compiling sct v0.6.1
[INFO] [stderr]    Compiling rustls v0.17.0
[INFO] [stderr]    Compiling webpki-roots v0.19.0
[INFO] [stderr]    Compiling synstructure v0.12.4
[INFO] [stderr]    Compiling thiserror-impl v1.0.11 (https://github.com/noocene/thiserror#2d80304a)
[INFO] [stderr]    Compiling serde_derive v1.0.126
[INFO] [stderr]    Compiling pin-project-internal v0.4.28
[INFO] [stderr]    Compiling derive v0.1.0 (https://github.com/noocene/protocol#c1a55d00)
[INFO] [stderr]    Compiling failure_derive v0.1.8
[INFO] [stderr]    Compiling failure v0.1.8
[INFO] [stderr]    Compiling iui v0.3.0
[INFO] [stderr]    Compiling thiserror v1.0.11 (https://github.com/noocene/thiserror#2d80304a)
[INFO] [stderr]    Compiling pin-project v0.4.28
[INFO] [stderr]    Compiling futures-executor v0.3.15
[INFO] [stderr]    Compiling piper v0.1.3
[INFO] [stderr]    Compiling smol v0.1.18
[INFO] [stderr]    Compiling futures v0.3.15
[INFO] [stderr]    Compiling abstract-ws v0.1.0 (https://github.com/noocene/abstract-ws#afc308f0)
[INFO] [stderr]    Compiling tokio-tungstenite v0.10.1
[INFO] [stderr]    Compiling protocol v0.1.0 (https://github.com/noocene/protocol#c1a55d00)
[INFO] [stderr]    Compiling async-tls v0.7.0
[INFO] [stderr]    Compiling abstract-ws-tungstenite v0.1.0 (https://github.com/noocene/abstract-ws-tungstenite#666eec0b)
[INFO] [stderr]    Compiling bincode v1.3.3
[INFO] [stderr]    Compiling protocol-mve-transport v0.1.0 (https://github.com/noocene/protocol-mve-transport#5d6999e9)
[INFO] [stderr]    Compiling vessels-chat-demo v0.1.0 (/opt/rustwide/workdir)
[INFO] [stdout] error[E0277]: the trait bound `Async<TcpStream>: NativeSocketConstructor` is not satisfied
[INFO] [stdout]   --> src/native.rs:67:18
[INFO] [stdout]    |
[INFO] [stdout] 67 |                 .connect(addr.parse().unwrap())
[INFO] [stdout]    |                  ^^^^^^^ the trait `NativeSocketConstructor` is not implemented for `Async<TcpStream>`
[INFO] [stdout]    |
[INFO] [stdout]    = note: required because of the requirements on the impl of `SocketProvider` for `TlsProvider<Async<TcpStream>>`
[INFO] [stdout] 
[INFO] [stdout] 
[INFO] [stdout] error[E0277]: the trait bound `Async<TcpStream>: NativeSocket` is not satisfied
[INFO] [stdout]   --> src/native.rs:69:38
[INFO] [stdout]    |
[INFO] [stdout] 69 |                     let connection = connection.unwrap();
[INFO] [stdout]    |                                      ^^^^^^^^^^^^^^^^^^^ the trait `NativeSocket` is not implemented for `Async<TcpStream>`
[INFO] [stdout]    | 
[INFO] [stdout]   ::: /opt/rustwide/cargo-home/git/checkouts/abstract-ws-tungstenite-a60b8bfceec60f71/666eec0/src/lib.rs:30:25
[INFO] [stdout]    |
[INFO] [stdout] 30 | pub struct TlsSocket<T: NativeSocket> {
[INFO] [stdout]    |                         ------------ required by this bound in `TlsSocket`
[INFO] [stdout] 
[INFO] [stdout] 
[INFO] [stdout] error[E0599]: the function or associated item `new` exists for struct `TlsServer<Async<TcpListener>>`, but its trait bounds were not satisfied
[INFO] [stdout]    --> src/server.rs:122:46
[INFO] [stdout]     |
[INFO] [stdout] 122 |             TlsServer::<Async<TcpListener>>::new(config).listen("0.0.0.0:443".parse().unwrap());
[INFO] [stdout]     |                                              ^^^ function or associated item cannot be called on `TlsServer<Async<TcpListener>>` due to unsatisfied trait bounds
[INFO] [stdout]     | 
[INFO] [stdout]    ::: /opt/rustwide/cargo-home/registry/src/github.com-1ecc6299db9ec823/smol-0.1.18/src/async_io.rs:98:1
[INFO] [stdout]     |
[INFO] [stdout] 98  | pub struct Async<T> {
[INFO] [stdout]     | ------------------- doesn't satisfy `Async<TcpListener>: NativeServer`
[INFO] [stdout]     |
[INFO] [stdout]     = note: the following trait bounds were not satisfied:
[INFO] [stdout]             `Async<TcpListener>: NativeServer`
[INFO] [stdout] 
[INFO] [stdout] 
[INFO] [stdout] error[E0277]: the trait bound `Async<TcpListener>: NativeServer` is not satisfied
[INFO] [stdout]    --> src/server.rs:122:13
[INFO] [stdout]     |
[INFO] [stdout] 122 |             TlsServer::<Async<TcpListener>>::new(config).listen("0.0.0.0:443".parse().unwrap());
[INFO] [stdout]     |             ^^^^^^^^^^^^^^^^^^^^^^^^^^^^^^^ the trait `NativeServer` is not implemented for `Async<TcpListener>`
[INFO] [stdout]     | 
[INFO] [stdout]    ::: /opt/rustwide/cargo-home/git/checkouts/abstract-ws-tungstenite-a60b8bfceec60f71/666eec0/src/lib.rs:324:25
[INFO] [stdout]     |
[INFO] [stdout] 324 | pub struct TlsServer<T: NativeServer>(Arc<ServerConfig>, PhantomData<T>);
[INFO] [stdout]     |                         ------------ required by this bound in `TlsServer`
[INFO] [stdout] 
[INFO] [stdout] 
[INFO] [stdout] error[E0599]: the method `split` exists for struct `TlsSocket<Async<TcpStream>>`, but its trait bounds were not satisfied
[INFO] [stdout]   --> src/native.rs:70:57
[INFO] [stdout]    |
[INFO] [stdout] 70 |                     let (sender, receiver) = connection.split();
[INFO] [stdout]    |                                                         ^^^^^ method cannot be called on `TlsSocket<Async<TcpStream>>` due to unsatisfied trait bounds
[INFO] [stdout]    | 
[INFO] [stdout]   ::: /opt/rustwide/cargo-home/git/checkouts/abstract-ws-tungstenite-a60b8bfceec60f71/666eec0/src/lib.rs:30:1
[INFO] [stdout]    |
[INFO] [stdout] 30 | pub struct TlsSocket<T: NativeSocket> {
[INFO] [stdout]    | -------------------------------------
[INFO] [stdout]    | |
[INFO] [stdout]    | doesn't satisfy `TlsSocket<Async<TcpStream>>: StreamExt`
[INFO] [stdout]    | doesn't satisfy `TlsSocket<Async<TcpStream>>: futures::Stream`
[INFO] [stdout]    |
[INFO] [stdout]    = note: the following trait bounds were not satisfied:
[INFO] [stdout]            `TlsSocket<Async<TcpStream>>: futures::Stream`
[INFO] [stdout]            which is required by `TlsSocket<Async<TcpStream>>: StreamExt`
[INFO] [stdout]            `&TlsSocket<Async<TcpStream>>: futures::Stream`
[INFO] [stdout]            which is required by `&TlsSocket<Async<TcpStream>>: StreamExt`
[INFO] [stdout]            `&mut TlsSocket<Async<TcpStream>>: futures::Stream`
[INFO] [stdout]            which is required by `&mut TlsSocket<Async<TcpStream>>: StreamExt`
[INFO] [stdout] 
[INFO] [stdout] 
[INFO] [stdout] error[E0277]: the trait bound `Async<TcpStream>: NativeSocket` is not satisfied
[INFO] [stdout]   --> src/native.rs:66:13
[INFO] [stdout]    |
[INFO] [stdout] 66 | /             TlsProvider::new(config.into())
[INFO] [stdout] 67 | |                 .connect(addr.parse().unwrap())
[INFO] [stdout] 68 | |                 .then(|connection: Result<TlsSocket<Async<TcpStream>>, _>| {
[INFO] [stdout] 69 | |                     let connection = connection.unwrap();
[INFO] [stdout] ...  |
[INFO] [stdout] 96 | |                     }
[INFO] [stdout] 97 | |                 }),
[INFO] [stdout]    | |__________________^ the trait `NativeSocket` is not implemented for `Async<TcpStream>`
[INFO] [stdout]    | 
[INFO] [stdout]   ::: /opt/rustwide/cargo-home/git/checkouts/abstract-ws-tungstenite-a60b8bfceec60f71/666eec0/src/lib.rs:30:25
[INFO] [stdout]    |
[INFO] [stdout] 30 |   pub struct TlsSocket<T: NativeSocket> {
[INFO] [stdout]    |                           ------------ required by this bound in `TlsSocket`
[INFO] [stdout] 
[INFO] [stdout] 
[INFO] [stdout] warning: unused import: `TryStreamExt`
[INFO] [stdout]  --> src/native.rs:4:78
[INFO] [stdout]   |
[INFO] [stdout] 4 |     channel::mpsc::unbounded, task::SpawnExt, FutureExt, SinkExt, StreamExt, TryStreamExt,
[INFO] [stdout]   |                                                                              ^^^^^^^^^^^^
[INFO] [stdout]   |
[INFO] [stdout]   = note: `#[warn(unused_imports)]` on by default
[INFO] [stdout] 
[INFO] [stdout] 
[INFO] [stdout] error: aborting due to 4 previous errors; 1 warning emitted
[INFO] [stdout] 
[INFO] [stdout] 
[INFO] [stdout] Some errors have detailed explanations: E0277, E0599.
[INFO] [stdout] 
[INFO] [stdout] For more information about an error, try `rustc --explain E0277`.
[INFO] [stdout] 
[INFO] [stderr] error: could not compile `vessels-chat-demo`
[INFO] [stderr] 
[INFO] [stderr] To learn more, run the command again with --verbose.
[INFO] [stderr] warning: build failed, waiting for other jobs to finish...
[INFO] [stdout] warning: unused import: `abstract_ws::ServerProvider`
[INFO] [stdout]  --> src/server.rs:1:5
[INFO] [stdout]   |
[INFO] [stdout] 1 | use abstract_ws::ServerProvider;
[INFO] [stdout]   |     ^^^^^^^^^^^^^^^^^^^^^^^^^^^
[INFO] [stdout]   |
[INFO] [stdout]   = note: `#[warn(unused_imports)]` on by default
[INFO] [stdout] 
[INFO] [stdout] 
[INFO] [stdout] warning: unused import: `TryStreamExt`
[INFO] [stdout]   --> src/server.rs:10:44
[INFO] [stdout]    |
[INFO] [stdout] 10 |     Future, FutureExt, SinkExt, StreamExt, TryStreamExt,
[INFO] [stdout]    |                                            ^^^^^^^^^^^^
[INFO] [stdout] 
[INFO] [stdout] 
[INFO] [stdout] error: aborting due to 2 previous errors; 2 warnings emitted
[INFO] [stdout] 
[INFO] [stdout] 
[INFO] [stdout] Some errors have detailed explanations: E0277, E0599.
[INFO] [stdout] 
[INFO] [stdout] For more information about an error, try `rustc --explain E0277`.
[INFO] [stdout] 
[INFO] [stderr] error: build failed
[INFO] running `Command { std: "docker" "inspect" "effce3c2cfddc41936df7e4efdbe62d621d4fc4c00f9eb8ad5e260a6030b63b3", kill_on_drop: false }`
[INFO] running `Command { std: "docker" "rm" "-f" "effce3c2cfddc41936df7e4efdbe62d621d4fc4c00f9eb8ad5e260a6030b63b3", kill_on_drop: false }`
[INFO] [stdout] effce3c2cfddc41936df7e4efdbe62d621d4fc4c00f9eb8ad5e260a6030b63b3
